*l + 112*l - 121*l - 96 + 29. Is q(-22) a prime number?
False
Let s = 38382 + 16135. Is s a prime number?
True
Is 308/176 + 3 + (-733297)/(-4) prime?
True
Suppose f + 6232 = -3*i + 288833, 5*i = -5*f + 470995. Is i prime?
True
Let h = 224249 - 69702. Is h composite?
True
Let q = 751141 + -421250. Is q a composite number?
False
Let p be ((-924)/(-165))/((-4)/(-10)). Is 374/10 + p/(-35) a prime number?
True
Let y(l) = -l + 10. Let f be y(10). Suppose -4*z = x - 17, z + f*x - 3 = x. Is 2345/15 + z/6 prime?
True
Is ((-2264292)/(-192)*(-4)/3)/(1/(-4)) a prime number?
True
Let c(j) = 3*j**2 - 25*j + 5. Let w be c(8). Let u(l) = -179*l**3 + 16*l**2 - 2*l - 2. Is u(w) a prime number?
False
Let p = 291 + -285. Suppose 0 = -5*y + p*y - 4861. Is y a prime number?
True
Let j(s) = -55*s**3 + 6*s**2 - 27*s - 31. Is j(-8) composite?
False
Let l(s) = -23 + 3*s**2 + 4*s + 27 - 3*s**3 + 0*s**2. Let y be l(-5). Let n = -23 + y. Is n prime?
False
Let p be ((-2)/(-4))/(1/188). Let x = -42 + p. Is x - (60/5)/(-4) a prime number?
False
Is ((-167083)/(-56))/((-1)/16*-2) prime?
True
Suppose 5*f = 4*q + 4, 0 = 5*q + 4*f + 4 + 1. Is (-21346)/13*q/2 a prime number?
True
Let k(y) = 21348*y - 1283. Is k(58) a composite number?
False
Let v(q) = 9450*q**2 - 132*q - 283. Is v(-7) prime?
False
Let w(a) = 371*a**2 - 23*a + 613. Is w(-28) a composite number?
True
Let g(z) = -128*z - 57. Let c be -1*(-1 - -2)*(-588)/(-84). Is g(c) composite?
False
Is -4 + 9803808/10 - 13/(-130)*2 a composite number?
False
Let x(k) = 1503*k**3 - 19*k**2 - 30*k - 1. Let p(q) = 751*q**3 - 10*q**2 - 14*q. Let g(r) = -5*p(r) + 2*x(r). Is g(-1) a composite number?
True
Suppose 21 = -3*a, 5*w - 339941 = -2*a + 99700. Is w a composite number?
False
Suppose -20 = -5*b, -4*z - 5*b + 547784 = -2*b. Is z prime?
True
Let t(s) = -152*s**3 + s**2 + 15*s + 16. Let l be t(-7). Suppose -28*j = -l + 16116. Is j a composite number?
True
Suppose -5*q - 3058 = -f, f - q = 3*f - 6094. Suppose 2*k - 7154 = -f. Is k prime?
True
Suppose 3*f = -13*f - 2*f. Suppose f = -3*q - 4*i + 39407, 0 = -q - 7*i + 11*i + 13109. Is q prime?
False
Let g(u) = -u - 4. Let r be g(-6). Suppose -c = r*c + 6663. Let p = c - -4028. Is p prime?
False
Suppose 121672*w = 121703*w - 13080605. Is w prime?
False
Let t = 30326 - 20341. Is t prime?
False
Let x be ((-1)/4)/((-8)/(99 + -3)). Suppose -x*i = -2*w + 11684, -4*w + 7*i + 23350 = 10*i. Is w composite?
False
Let o(x) = 14*x**2 + 12*x + 4. Let v(a) = 4*a + 12. Let t be v(-4). Let n be o(t). Let h = n + -121. Is h prime?
True
Let g = 1512 - 1080. Suppose -8*i + g = -7*i. Suppose 4*o - 1786 = 5*a, o - i = a + 15. Is o prime?
True
Is 3 + 980720/12 + 12/9 a prime number?
False
Suppose -89*v = -83*v - 36. Let w(x) = 48*x**3 - 11*x - 5. Is w(v) a prime number?
False
Let m(l) = -l**3 + 5*l**2 + 7*l - 4. Let u be m(6). Let y(p) = p**2 + 13*p + 45. Let j be y(-5). Suppose -2*s = -0*r - 5*r + 269, -u*r + j*s = -116. Is r prime?
True
Let g = 21230 - -21401. Is g prime?
False
Is ((-9)/18)/(25/10)*-98405 prime?
True
Suppose -73*l - 4*q = -74*l + 97681, 293015 = 3*l + 2*q. Is l a composite number?
False
Let t(p) = 1141*p**2 + 3*p - 11. Suppose -3*y - 2*q = -11, 7*y - 1 = 8*y - 4*q. Is t(y) composite?
False
Let g(q) = q**3 + 24*q**2 + 2*q + 50. Let w be g(-24). Suppose 0 = 3*f - 2*o - 12717, 0 = -w*f - 2*o + 5*o + 8483. Is f composite?
True
Let v be 2835 - (6/(-5))/((-27)/(-90)). Suppose 3*h = -3*x + 4*h + 2113, 4*x + 3*h - v = 0. Is (-5 - (-3 - -3)) + x a prime number?
True
Suppose 3*j - 1326893 = -5*h, 3*h - j + 5*j = 796127. Is h a composite number?
False
Suppose -f = -5*z - 0*f - 25323, 4*z + 20244 = -4*f. Let j = z + 7694. Let m = -1053 + j. Is m a composite number?
True
Suppose 4*w - 5*w = 0, -7*w = -5*a - 10. Is ((-1 + 4)*-1 - a)*-10007 a composite number?
False
Let u be (-6)/7 + (-100)/(-35). Suppose -5*b + 15 = 0, z - 30285 = u*b + 12688. Is z a prime number?
True
Let b be (1 - -2) + (-360)/8. Let w be 9972/21 - 6/b. Let f = w - -24. Is f composite?
False
Let k be (657/(-2) - 2)*(-3 + 1). Let j = k - 506. Is j prime?
False
Is 109789/(4 - (3 + (-2 + 2)/(-4))) composite?
False
Suppose s - 95145 = 2*a, -156*s + 95137 = -155*s + 2*a. Is s prime?
False
Suppose 44 - 7 = -x. Let p = -33 - x. Suppose 0 = -5*v + o + 616 + 1057, 0 = 4*v - p*o - 1332. Is v a composite number?
True
Let v(q) = 517*q**2 - 23*q + 397. Is v(11) a composite number?
False
Suppose 0 = -2*l + 3*h + 81232, -5*h + 29681 = 3*l - 92167. Suppose 8*o = 16*o - l. Is o prime?
True
Suppose 68*j - 17633339 = 21*j - 50*j. Is j a prime number?
True
Let w(m) = 67*m**2 + 80*m + 58. Let c be w(-25). Suppose 5*z + c = 4*s, -s + 9962 = -0*z + 3*z. Is s composite?
True
Let m be 4 + 235/(-30) + (-1)/6. Is 1/((-9)/(-66285)) - m composite?
False
Suppose 5*b + 3*m - 18 = -m, -b = -5*m + 8. Suppose 4*y + 16 = w - 5, -3*y - 3*w = -3. Is 1/y*b*-1074 prime?
False
Let b be (-210)/8 + (-30)/40. Let j = -23 - b. Suppose 4484 = j*t - 2*r, 0 = -4*r + 12 + 4. Is t a composite number?
False
Let b(t) = 205*t**3 + 3*t**2 - 6*t + 56. Let o be b(-12). Is (-1)/(1*-2 + o/(-176848)) a prime number?
False
Let v be (-9569)/(-2) + 7/(-14) + 4. Is (-210)/(-63)*3/(-2) + v composite?
False
Let z(a) = 158*a + 41. Let t be z(5). Suppose 879 = 3*f - 2*p, -2*f + t = -2*p + 245. Is f a prime number?
True
Suppose 3*h = 3*o + 3684, 4*h + 0*h - 3*o - 4911 = 0. Let q = 3327 + -3321. Suppose -q*k = -7*k + h. Is k a prime number?
False
Suppose 4*h + 7178059 = 53*h. Is h prime?
False
Is 115473840/270 + (-1)/(-9) composite?
False
Let t(b) = 6*b - 38. Let w be t(10). Suppose 23*c = w*c + 262. Is -1 + c/6 + 3/9 a composite number?
False
Suppose -i - 1 = 0, 4*i = 2*k - 11 - 1. Suppose -k = -2*t + 4. Suppose -79 = -5*a + t*a. Is a a prime number?
True
Let w be (2 - 2 - -41)/((-19)/57). Let f = w - -334. Is f composite?
False
Suppose 2*i - 2*w = -2, -13 = 4*i - 0*w - w. Let f = 2 - i. Is (f - 3020/15)*6/(-4) composite?
False
Let d(g) = -g**2 - 5*g. Let u be d(-5). Suppose -2*m + q - 733 = -6*m, u = -5*m + 4*q + 932. Let h = m + -91. Is h prime?
False
Suppose -31 = -7*c + 39. Suppose 0 = 15*p - c*p - 15. Is 439 + 0 + p*4/3 a prime number?
True
Is 15/15*(-6 + 96601)/1 a composite number?
True
Suppose 7*t - 4 = 6*t. Suppose 2*j = b + t*j + 55, -3*j = 2*b + 109. Is b/2*(-1 + -1) prime?
True
Suppose 0 = b + 4*b - 5*z + 81620, 5*b + 2*z = -81655. Is (-1)/(-4 - b/4083) a prime number?
True
Let y be (3 - (-26)/(-10)) + (-92)/(-20). Suppose y*a = -6*n + 11*n + 46170, -9233 = -a + 2*n. Is a a prime number?
False
Suppose -16*f - 4*f + 13984536 = 4*f. Is f a composite number?
False
Let r(z) = 296*z**2 - 35*z - 1490. Is r(-29) prime?
True
Suppose 0 = -17*o + 12*o + 3*i + 10514, 4*o - i = 8407. Is o composite?
True
Let d be (-8)/(-6)*(46 - -21761). Let x = d + -19615. Is x prime?
True
Let c(j) be the second derivative of 5/2*j**2 - 1613/3*j**3 + 0 - 18*j. Is c(-2) a composite number?
True
Let x(l) = 297*l**3 - 7*l**2 + 8*l + 37. Is x(4) prime?
False
Let q be (-16*13)/((-10)/15). Let m be (-1120)/(-48) - (-1)/(-3). Let a = q + m. Is a prime?
False
Let l(u) = -947*u + 20. Let c be l(-10). Suppose -3*w + c = 5*p, 4*p - 7*w = -3*w + 7624. Is p a composite number?
False
Suppose -7*s + 3 + 32 = 0. Suppose -d = 5*z + 1 - 25, 3*d = s*z - 28. Suppose -4499 = -z*m + 3*o - 0*o, -m + 909 = 4*o. Is m prime?
False
Let m be (3 - (-2)/(-6))*(-108)/24. Is ((-4)/(-12))/((-4)/m)*1657 a composite number?
False
Let g = -13460 - -20193. Is g a composite number?
False
Let y = -55579 - -84668. Is y a composite number?
True
Let b(l) be the first derivative of 1649*l**2 + 103*l + 2. Is b(3) prime?
False
Suppose 0 = -4*a - 4*o + 2045048, 0 = -6265*o + 6269*o + 20. Is a prime?
False
Is (-132)/(-286) + (-5924284)/(-52) a prime number?
False
Let z = 473 + -453. Suppose z*d + 268245 = 47*d. Is d a composite number?
True
Suppose 7*h + 126030 = 18*h - 5*h. Is h a prime number?
False
Suppose 4*i + 1118073 = 4*v - 70115, 0 = 3*v - 4*i - 891135. Is v prime?
False
Let n be -1*(-1 + 0)*(7 + -3). Suppose -2*k = 2*r - 6*r - 3306, -n*k + 6632 = -3*r. Is k a prime number?
False
Let k be (1*30/4)/(6/8). Suppose 647 = k*y - 9*y + 4*d, -3*y + 4*d = -1877. Is y a composite number?
False
Suppose -2*i + 4*g - 45064 = -4874, 3*g = -i - 20105. Let h = -8622